 4. Let q be g(2). Let w be (q + 1)*(-20)/12. Let h be (-51)/w - 10/(-25). Let b(p) = p**2 + p + 2. Give b(h).
8
Let v(k) be the third derivative of -k**6/120 + k**5/30 - k**4/24 + k**3 - 5*k**2. Give v(3).
-6
Suppose 0 = -4*c - 1 - 11. Let r(v) = -v**2 + 2*v + 4. Give r(c).
-11
Let p(q) = q**3 + 4*q**2 - 3*q + 5. Let c(f) = -f**3 + 4*f**2 - f - 1. Let s be 28/6*(-12)/(-14). Let n be c(s). What is p(n)?
-5
Let k(b) = b**3 - 4*b**2 + 1. Let u be ((-2)/(-6))/(((-5)/381)/5). Let d = 130 + u. Determine k(d).
-8
Let s(i) = -i**2 + 5*i + 2 - i**2 + i**2. Let h be s(5). Let f(b) = -6*b**h + 5*b**2 + 4 - 4. Determine f(-2).
-4
Let t = -36 + 36. Let r(h) = 5*h - h**2 + 2*h + t - 1 - 3*h. Let f be (-8)/12*(-15)/2. Give r(f).
-6
Let v(m) = -m. Let l be v(-1). Let c(u) be the second derivative of 2*u**3 - u**2/2 + 43*u - 2. Determine c(l).
11
Let w(v) = 2*v - 10*v**2 - 9*v**2 + 8*v**3 - 7*v**3 - 20 - 8. What is w(19)?
10
Let r(g) = -g**2 - g + 2. Let c = 23 + -24. Let y = 4 + c. Suppose y*l = 0, -5*l = -n - 0*l. Calculate r(n).
2
Let r(a) = -8 - 2*a - 2*a - a**3 + 46*a**2 - 39*a**2. Give r(6).
4
Let z(q) be the third derivative of q**5/120 - q**4/3 + q**3/2 + 11*q**2. Let m(f) be the first derivative of z(f). What is m(6)?
-2
Let f(s) = s**3 - 3*s + 22*s**2 - 5 - 25*s**2 + 4. Suppose -h - 144 = -7*h. Suppose h = 5*t + t. What is f(t)?
3
Let n(d) be the first derivative of -d**2/2 + 25*d + 78. Determine n(0).
25
Let v(m) be the second derivative of -m**5/20 + m**4/2 - m**3/3 + 3*m**2 + 8*m - 2. What is v(5)?
21
Let s(k) = k + 16. Let z be s(-7). Suppose -8*j + 1 = -z*j. Let q(g) = -4*g - 5*g - 4*g + 3*g - 1. Determine q(j).
9
Let g be 4*1*((12 - 7) + -6). Let h(f) = -f**3 - 5*f**2 - 4*f + 5. Give h(g).
5
Let y(z) = 30 - 91 + 32 + 30 - 14*z**2. Calculate y(1).
-13
Let p(x) be the third derivative of 41*x**2 - 1/120*x**6 - 1/24*x**4 - 1/2*x**3 + 0*x - 1/15*x**5 + 0. Calculate p(-4).
1
Let o(b) = -b**2 - 3*b - 858*b**3 + 896*b**3 + 2*b. What is o(-1)?
-38
Let k = -19 - -32. Let c = k + -8. Suppose 16 = -c*h + 41. Let b(u) = -u**2 + 3*u + 5. Determine b(h).
-5
Suppose -5*i - 245*s + 241*s + 29 = 0, 2*s = 3*i - 35. Let o(f) = -f**3 + 10*f**2 - 9*f + 4. Calculate o(i).
4
Let c(l) = -51*l + 46. Let v be c(1). Let d(r) = r**2 + 6*r + 13. Determine d(v).
8
Suppose -3*l - 12 = 3*n, 2*l - 7 = 5*n - 36. Let p(o) = o - 7. What is p(l)?
-14
Suppose 61*t - 25 = 97. Let z(n) be the first derivative of n + 1/2*n**t + 8. Determine z(5).
6
Suppose b + 1 = 2*b. Let s be 2/(b/(-1 - 1)). Let g(q) = q**3 + 5*q**2 + 5*q + 2. Give g(s).
-2
Suppose 0 = 4*a - 18 + 6. Let j(r) = -3*r - 4 + a*r**2 + 4*r - 2*r**2. Calculate j(-3).
2
Suppose 4*q = 4*y - 44, 0*q + 2 = q. Let z(u) = -9*u + 2 - y*u + 21*u. What is z(2)?
0
Let o(s) be the third derivative of -s**7/2520 + s**6/240 - s**5/10 - 12*s**2. Let l(w) be the third derivative of o(w). Calculate l(8).
-13
Let k(j) = 9292*j + 2*j**2 - 6*j**2 - 9297*j - 3. What is k(-2)?
-9
Let k(j) = j - 9. Let l be k(5). Let o(c) = -c**3 - 5*c**2 + 2*c. Let n(a) = a**3 + 5*a**2 - 3*a - 1. Let s(f) = 4*n(f) + 5*o(f). Determine s(l).
-12
Let i(v) = 50*v + 46*v + 45*v + 42*v - 179*v. Suppose -12 = -3*q - q. Determine i(q).
12
Let z(m) = -m + 10. Let d(t) = 9*t + 2. Let p be 3 + (4 - 5) + 1 + -4. Let q be d(p). What is z(q)?
17
Let r = -58 + 82. Suppose r = -5*v + 8*v. Let t(l) = l - 6. Calculate t(v).
2
Let j(y) = -4*y**3 - 2*y**2 + 6*y + 7. Let x(p) = -p**3 - p**2 + 1. Let t(f) = j(f) - 5*x(f). Give t(-4).
-38
Let d(z) = -z**3 - z**2 + z - 1. Let v(g) = -4*g**3 - 15*g**2 - 8*g - 1. Let q(h) = -3*d(h) + v(h). Suppose 0*c = 2*n + c + 16, 5*c + 3 = -3*n. Determine q(n).
2
Let p(r) = -r. Let m(h) = 1. Let z(t) = 3*m(t) + 4*p(t). Let g = -58 - -84. Let c = g - 24. Give z(c).
-5
Let v(i) = 1. Let c(w) = 3*w + 8 - 3*w + w. Let y(r) = c(r) - 3*v(r). Give y(-5).
0
Let b(k) = -3 - 9*k**2 - 8*k - k**3 + 36*k - 16*k - 10*k + 10. Calculate b(-9).
-11
Let i(f) be the first derivative of 2*f - 1/2*f**2 + 12. Let j be (-1)/1 - (1 + 2). Determine i(j).
6
Suppose 5*s - 4 = 2*p + 5, -2*s + 6 = 0. Let u(t) = 4*t - t - t + p + 7*t**2 - 7*t - t**3. Determine u(6).
9
Let c(v) = -v**2 - 14*v - 14. Let k be c(-9). Let l = k + -28. Let u(m) = 3 + l*m - 5*m - m**3 - m**2 + 4*m**2. What is u(2)?
3
Let z(a) = 5 - 142*a - 4 + 129*a. Let t = -63 + 64. Determine z(t).
-12
Let z(c) = 6*c**2 - 20*c - 4. Let l(h) = h**2 - 4*h - 1. Suppose -2*m + 6*m + 2*v = 12, -10 = -5*v. Let p(r) = m*z(r) - 11*l(r). Calculate p(-7).
24
Let m(p) = p**3 - 9*p**2 + 8*p + 1. Suppose -160 = -20*i - 0*i. Determine m(i).
1
Let v = -306 + 310. Let u(q) = -2*q. Give u(v).
-8
Let m be 45/(-20)*(2 - (-30)/(-9)). Let j(x) = -7*x - 3. Determine j(m).
-24
Let c be (29/29)/((-2)/(-26)). Let k(d) = -d**2 + 15*d - 15. Determine k(c).
11
Let y(n) = -n. Let v(j) = 1 + 4*j + 9 - 5 + 1. Let c(g) = -v(g) - 5*y(g). Calculate c(10).
4
Let z(y) = -y**2 - 12*y - 10. Suppose -38*j + 99 = -47*j. Calculate z(j).
1
Let x(w) be the first derivative of 2*w**3/3 - 13*w**2 + 15*w - 8. Determine x(11).
-29
Let q(c) be the third derivative of c**6/120 + c**5/30 - c**4/24 + c**2. Let p(b) = b - 2*b**3 - 4*b**2 + 0 - 2*b + 3*b**3 + 1. Let f be p(4). Determine q(f).
-6
Let a(m) = -2*m**3 - 5*m**2 + m + 1. Let t(p) = -4*p**3 - p**2 - 27*p + 29. Let k be t(1). Determine a(k).
7
Suppose 3*c - 4*i - 16 = 0, -2*c + 4*i = -6*c + 68. Suppose -c = -0*s - 3*s. Suppose 2*p + 2 = -s. Let m(f) = 4*f + 2. What is m(p)?
-10
Let b = -1479 + 1479. Let m(a) = 2*a + 14. Determine m(b).
14
Let j(t) = -3*t + 5. Let v(s) = s. Let b(f) = f - 22 + 36 + 2*f - 31. Let d(r) = b(r) - 6*v(r). Let q be d(-7). Give j(q).
-7
Let k(l) be the third derivative of -l**5/60 + l**3/2 + l**2. Suppose 5*z - 1 = -3*o + 14, -4*z + 12 = -2*o. Calculate k(z).
-6
Let x(n) = -n**2. Let t = 0 - -2. Let p be x(t). Let d(q) = -3*q - 53 - 46 + 97. What is d(p)?
10
Let s(c) be the first derivative of 3*c**2/2 + 13*c + 58. What is s(-11)?
-20
Let t(d) = -d**3 + 6*d**2 - d - 3. Suppose -4*l - 3*s - 32 = -s, -4*l - 52 = -3*s. Let b = l - -15. What is t(b)?
17
Suppose n - 5*v + 6 = 0, -2 = 2*n - 2*v - 6. Let t(k) = -2*k**3 + 6*k**2 + 8*k + 1. Let h(b) = b**3 - 3*b**2 - 4*b - 1. Let w(o) = 7*h(o) + 4*t(o). Give w(n).
-3
Let d = 3 + -6. Let v(j) be the third derivative of -j**7/5040 + j**6/360 + j**5/3 - 10*j**2. Let b(h) be the third derivative of v(h). Calculate b(d).
5
Let s = 845 - 840. Let q(w) be the first derivative of 2*w**3/3 - 7*w**2/2 + 4*w - 2. Calculate q(s).
19
Let k = 5 - 3. Let p(x) = -x - x**k - 311 + 312 - 3*x. Suppose -5*y = -2*i - 3, -4*i + 0*y - 18 = 2*y. Determine p(i).
1
Let d be 28 - (-5 + 3 - -2). Let r be -3 + 9 - d/7. Let i(o) = -2*o. Determine i(r).
-4
Let l(r) be the third derivative of r**4/12 + 13*r**3/6 + 2*r**2 + 247. What is l(-5)?
3
Let m be 5/25 + (-1 - (-27)/15). Let x = m + -7. Let i(c) = c**2 + 9*c + 8. Give i(x).
-10
Let b(l) = l + 5. Let m be b(-5). Let p(i) = m - 6 - 2 + i + 5. Calculate p(7).
4
Let f be 9/(-4 + 7) - 4. Let z(a) = 6*a - 24*a + 6*a + 7*a. Give z(f).
5
Let h(t) be the third derivative of -t**5/120 - t**4/24 - 2*t**3 - 6*t**2. Let j(d) be the first derivative of h(d). Suppose 2*o - 3*o = 1. Determine j(o).
0
Let d(o) be the first derivative of -o**2/2 + 5*o - 264. Calculate d(2).
3
Let o(c) = -c**2 + 2*c + 2 + 6*c**2 + 3*c**2 - 1. Let g be (2/(-4))/((-3)/(-6)). Give o(g).
7
Let h(g) = -45 + g**2 - 46 - 2*g + 93. Determine h(3).
5
Let u(p) = -6*p + 9. Let z(d) = 4*d - 6. Let k(r) = -5*u(r) - 7*z(r). Determine k(-3).
-9
Let d(j) = -3*j - 4. Let l be d(-4). Suppose -4*z = 3*a - 1, l = 5*a - 3*a - z. Let o(r) = r + 1. Let v(k) = 6*k + 5. Let b(h) = -5*o(h) + v(h). Give b(a).
3
Let n(i) be the third derivative of 0*i**4 + 0 - 1/120*i**6 + 1/60*i**5 - 13*i**2 + 0*i + 11/6*i**3. Give n(0).
11
Let w(u) = -3*u**3 + 3*u**2 + 3*u. Let y(d) = 16*d**3 - 15*d**2 - 15*d - 1. Let z(x) = -11*w(x) - 2*y(x). Give z(3).
-7
Let v(a) be the first derivative of -1/2*a**2 + 1/3*a**3 - a - 13 - 1/2*a**4. Determine v(-1).
3
Let t(s) = s + 6 - 3 - 2 + 7*s. Suppose -4 = o, o + 9 = -7*z + 2*z. Give t(z).
-7
Let f(l) = l**3 + 6*l**2 + 3*l + 10. Let o(r) = -r**3 - 4*r**2 - 4*r - 9. Let k(q) = -2*f(q) - 3*o(q). Calculate k(-2).
-13
Let k(t) = -3*t**2 + 2*t + 1. Let i